{"id":2,"date":"2010-02-08T18:04:44","date_gmt":"2010-02-08T18:04:44","guid":{"rendered":"http:\/\/meyproducciones.com\/?page_id=2"},"modified":"2024-02-09T20:30:24","modified_gmt":"2024-02-09T20:30:24","slug":"about","status":"publish","type":"page","link":"https:\/\/meyproducciones.com\/?page_id=2","title":{"rendered":"\u00bfQU\u00c9 SOMOS?"},"content":{"rendered":"<p><strong><a href=\"http:\/\/meyproducciones.com\/?page_id=2\"><img decoding=\"async\" class=\"alignleft wp-image-18643\" src=\"http:\/\/meyproducciones.com\/wp-content\/uploads\/2015\/04\/Quesomos.jpg\" alt=\"\" width=\"125\" height=\"50\" \/><\/a><a href=\"http:\/\/meyproducciones.com\/?page_id=11\"><img decoding=\"async\" class=\"alignleft wp-image-18643\" src=\"http:\/\/meyproducciones.com\/wp-content\/uploads\/2015\/03\/preproduccion.jpg\" alt=\"\" width=\"125\" height=\"50\" \/><\/a><a href=\"http:\/\/meyproducciones.com\/?page_id=12\"><img decoding=\"async\" class=\"alignleft wp-image-18642\" src=\"http:\/\/meyproducciones.com\/wp-content\/uploads\/2015\/03\/rodaje.jpg\" alt=\"\" width=\"125\" height=\"50\" \/><\/a><a href=\"http:\/\/meyproducciones.com\/?page_id=13\"><img loading=\"lazy\" decoding=\"async\" class=\"alignleft wp-image-18641\" src=\"http:\/\/meyproducciones.com\/wp-content\/uploads\/2015\/03\/postproduccion.jpg\" alt=\"\" width=\"125\" height=\"50\" \/><\/a><a href=\"http:\/\/meyproducciones.com\/?page_id=14\"><img loading=\"lazy\" decoding=\"async\" class=\"alignleft wp-image-18640\" src=\"http:\/\/meyproducciones.com\/wp-content\/uploads\/2015\/03\/distribucion.jpg\" alt=\"\" width=\"125\" height=\"50\" \/><\/a><\/strong><\/p>\n<p>&nbsp;<\/p>\n<p>&nbsp;<\/p>\n<p style=\"text-align: justify;\">MEYproducciones\u00a0es una productora especializada en proyectos de cine digital para pantallas de video y para salas de proyecci\u00f3n en 35 mil\u00edmetros.<\/p>\n<p style=\"text-align: justify;\">MEYproducciones\u00a0Propicia circunstancias favorables para un cine de calidad, econ\u00f3micamente viable y que guste a los espectadores. De esta manera contribuye a que aumente el n\u00famero de producciones y a una mejor cualificaci\u00f3n de todos aquellos que se dedican al cine.<\/p>\n<p style=\"text-align: justify;\">MEYproducciones\u00a0ofrece asesor\u00edas adaptadas a los objetivos y necesidades de profesionales y amateurs, para que encuentren la manera m\u00e1s eficaz de convertir sus ideas en obras terminadas.<\/p>\n<p style=\"text-align: justify;\">MEYproducciones es el lugar donde el cine debe convertirse en un sue\u00f1o posible.<\/p>\n<p>&nbsp;<\/p>\n<p><img loading=\"lazy\" decoding=\"async\" class=\"aligncenter size-full wp-image-7815\" title=\"qsomos\" src=\"http:\/\/meyproducciones.com\/wp-content\/uploads\/2012\/05\/MEYprod_web_img_01.jpg\" alt=\"\" width=\"680\" height=\"150\" \/><\/p>\n<p style=\"text-align: justify;\"><strong>ORIGEN<\/strong><\/p>\n<p style=\"text-align: justify;\">MEYproducciones\u00a0ha sido fundada por Miguel Ernesto Yusty, quien en los \u00faltimos a\u00f1os, combin\u00f3 la direcci\u00f3n y producci\u00f3n, con el manejo de la Carrera de Direcci\u00f3n de Cine Digital de la escuela CICE, en Madrid, reconocida como la mejor instituci\u00f3n de Europa, por el festival CartoonClub. A este galard\u00f3n se suman otros similares, en los que el trabajo de Yusty ha sido determinante (ver resumen de premios y menciones en HEMEROTECA ).<\/p>\n<p style=\"text-align: justify;\">Su trayectoria profesional incluye trabajos para cine y video en imagen real, animaci\u00f3n 2d y 3d. Su evoluci\u00f3n lo conduce en la actualidad, al desarrollo de investigaciones pr\u00e1cticas y te\u00f3ricas en el campo del cine producido con nuevas tecnolog\u00edas. En Miguel Ernesto y su obra, se conjugan la tradici\u00f3n cinematogr\u00e1fica con todo aquello que los nuevos tiempos pueden ofrecer.<\/p>\n<p>&nbsp;<\/p>\n<p><img loading=\"lazy\" decoding=\"async\" class=\"aligncenter size-full wp-image-7815\" title=\"origen\" src=\"http:\/\/meyproducciones.com\/wp-content\/uploads\/2012\/05\/MEYprod_web_img_02.jpg\" alt=\"\" width=\"680\" height=\"200\" \/><\/p>\n<p style=\"text-align: justify;\">Rodaje de Dito, el ni\u00f1o despertador. En la imagen: actor John Alex Toro, director Miguel Ernesto Yusty, actor Juan Sebasti\u00e1n D\u00edaz D\u00edez<\/p>\n<p><img loading=\"lazy\" decoding=\"async\" class=\"aligncenter size-full wp-image-7815\" title=\"origen2\" src=\"http:\/\/meyproducciones.com\/wp-content\/uploads\/2012\/05\/MEYprod_web_img_03.jpg\" alt=\"\" width=\"680\" height=\"200\" \/><\/p>\n","protected":false},"excerpt":{"rendered":"<p>&nbsp; &nbsp; MEYproducciones\u00a0es una productora especializada en proyectos de cine digital para pantallas de video y para salas de proyecci\u00f3n en 35 mil\u00edmetros. MEYproducciones\u00a0Propicia circunstancias favorables para un cine de calidad, econ\u00f3micamente viable y que guste a los espectadores. De esta manera contribuye a que aumente el n\u00famero de producciones y a una mejor cualificaci\u00f3n [&hellip;]<\/p>\n","protected":false},"author":1,"featured_media":0,"parent":0,"menu_order":0,"comment_status":"closed","ping_status":"closed","template":"elementor_header_footer","meta":{"inline_featured_image":false,"footnotes":""},"class_list":["post-2","page","type-page","status-publish","hentry"],"_links":{"self":[{"href":"https:\/\/meyproducciones.com\/index.php?rest_route=\/wp\/v2\/pages\/2","targetHints":{"allow":["GET"]}}],"collection":[{"href":"https:\/\/meyproducciones.com\/index.php?rest_route=\/wp\/v2\/pages"}],"about":[{"href":"https:\/\/meyproducciones.com\/index.php?rest_route=\/wp\/v2\/types\/page"}],"author":[{"embeddable":true,"href":"https:\/\/meyproducciones.com\/index.php?rest_route=\/wp\/v2\/users\/1"}],"replies":[{"embeddable":true,"href":"https:\/\/meyproducciones.com\/index.php?rest_route=%2Fwp%2Fv2%2Fcomments&post=2"}],"version-history":[{"count":0,"href":"https:\/\/meyproducciones.com\/index.php?rest_route=\/wp\/v2\/pages\/2\/revisions"}],"wp:attachment":[{"href":"https:\/\/meyproducciones.com\/index.php?rest_route=%2Fwp%2Fv2%2Fmedia&parent=2"}],"curies":[{"name":"wp","href":"https:\/\/api.w.org\/{rel}","templated":true}]}}