{"id":14,"date":"2010-02-08T19:12:00","date_gmt":"2010-02-08T19:12:00","guid":{"rendered":"http:\/\/meyproducciones.com\/?page_id=14"},"modified":"2023-08-09T19:53:38","modified_gmt":"2023-08-09T19:53:38","slug":"distribucion-y-exhibicion","status":"publish","type":"page","link":"https:\/\/meyproducciones.com\/?page_id=14","title":{"rendered":"DISTRIBUCI\u00d3N Y EXHIBICI\u00d3N"},"content":{"rendered":"<p><strong><a href=\"http:\/\/meyproducciones.com\/?page_id=2\"><img decoding=\"async\" class=\"alignleft  wp-image-18643\" alt=\"\" src=\"http:\/\/meyproducciones.com\/wp-content\/uploads\/2015\/04\/Quesomos.jpg\" width=\"125\" height=\"50\" \/><\/a><a href=\"http:\/\/meyproducciones.com\/?page_id=11\"><img decoding=\"async\" class=\"alignleft  wp-image-18643\" alt=\"\" src=\"http:\/\/meyproducciones.com\/wp-content\/uploads\/2015\/03\/preproduccion.jpg\" width=\"125\" height=\"50\" \/><\/a><a href=\"http:\/\/meyproducciones.com\/?page_id=12\"><img decoding=\"async\" class=\"alignleft  wp-image-18642\" alt=\"\" src=\"http:\/\/meyproducciones.com\/wp-content\/uploads\/2015\/03\/rodaje.jpg\" width=\"125\" height=\"50\" \/><\/a><a href=\"http:\/\/meyproducciones.com\/?page_id=13\"><img loading=\"lazy\" decoding=\"async\" class=\"alignleft  wp-image-18641\" alt=\"\" src=\"http:\/\/meyproducciones.com\/wp-content\/uploads\/2015\/03\/postproduccion.jpg\" width=\"125\" height=\"50\" \/><\/a><a href=\"http:\/\/meyproducciones.com\/?page_id=14\"><img loading=\"lazy\" decoding=\"async\" class=\"alignleft  wp-image-18640\" alt=\"\" src=\"http:\/\/meyproducciones.com\/wp-content\/uploads\/2015\/03\/distribucion.jpg\" width=\"125\" height=\"50\" \/><\/a><\/strong><\/p>\n<p>&nbsp;<\/p>\n<p>&nbsp;<\/p>\n<p>Ofrecemos servicios de:<\/p>\n<ul>\n<li>\n<h5>Dise\u00f1o de DVD<\/h5>\n<\/li>\n<li>\n<h5>Distribuci\u00f3n por festivales<\/h5>\n<\/li>\n<li>\n<h5>Estreno de la obra en nuestra sala de proyecci\u00f3n digital<\/h5>\n<\/li>\n<\/ul>\n<p style=\"text-align: justify;\">Con el fin de permitir al p\u00fablico apreciar obras producidas y realizadas con ayuda de medios de producci\u00f3n alternativos o que defiendan contenidos poco usuales y que preferentemente aboguen por la construcci\u00f3n de un mundo mejor, <strong>MEYproducciones <\/strong>dispone del espacio y el equipamiento necesarios para proyectar en alta definici\u00f3n, con sonido envolvente.<\/p>\n<p><span><br \/> <\/span><\/p>\n<p><img loading=\"lazy\" decoding=\"async\" class=\"aligncenter size-full wp-image-40\" title=\"exhibi1\" alt=\"\" src=\"http:\/\/meyproducciones.com\/wp-content\/uploads\/2012\/05\/MEYprod_web_img_13.jpg\" width=\"680\" height=\"160\" \/><\/p>\n<p style=\"text-align: center;\">MEYproducciones est\u00e1 ubicada en el barrio Miraflores en la ciudad de Cali.<\/p>\n<p><span><br \/> <\/span><\/p>\n<p style=\"text-align: justify;\">En Internet cuenta con un espacio que funciona como galer\u00eda de proyectos y como ventana informativa de nuestras actividades. En \u00e9l se informar sobre charlas, concursos y eventos con los que <strong>MEYproducciones <\/strong>est\u00e9 relacionada.\u00a0<\/p>\n","protected":false},"excerpt":{"rendered":"<p>&nbsp; &nbsp; Ofrecemos servicios de: Dise\u00f1o de DVD Distribuci\u00f3n por festivales Estreno de la obra en nuestra sala de proyecci\u00f3n digital Con el fin de permitir al p\u00fablico apreciar obras producidas y realizadas con ayuda de medios de producci\u00f3n alternativos o que defiendan contenidos poco usuales y que preferentemente aboguen por la construcci\u00f3n de un [&hellip;]<\/p>\n","protected":false},"author":1,"featured_media":0,"parent":0,"menu_order":4,"comment_status":"closed","ping_status":"closed","template":"","meta":{"inline_featured_image":false,"footnotes":""},"class_list":["post-14","page","type-page","status-publish","hentry"],"_links":{"self":[{"href":"https:\/\/meyproducciones.com\/index.php?rest_route=\/wp\/v2\/pages\/14","targetHints":{"allow":["GET"]}}],"collection":[{"href":"https:\/\/meyproducciones.com\/index.php?rest_route=\/wp\/v2\/pages"}],"about":[{"href":"https:\/\/meyproducciones.com\/index.php?rest_route=\/wp\/v2\/types\/page"}],"author":[{"embeddable":true,"href":"https:\/\/meyproducciones.com\/index.php?rest_route=\/wp\/v2\/users\/1"}],"replies":[{"embeddable":true,"href":"https:\/\/meyproducciones.com\/index.php?rest_route=%2Fwp%2Fv2%2Fcomments&post=14"}],"version-history":[{"count":0,"href":"https:\/\/meyproducciones.com\/index.php?rest_route=\/wp\/v2\/pages\/14\/revisions"}],"wp:attachment":[{"href":"https:\/\/meyproducciones.com\/index.php?rest_route=%2Fwp%2Fv2%2Fmedia&parent=14"}],"curies":[{"name":"wp","href":"https:\/\/api.w.org\/{rel}","templated":true}]}}