{"id":12,"date":"2010-02-08T19:11:11","date_gmt":"2010-02-08T19:11:11","guid":{"rendered":"http:\/\/meyproducciones.com\/?page_id=12"},"modified":"2023-08-09T19:53:39","modified_gmt":"2023-08-09T19:53:39","slug":"rodaje","status":"publish","type":"page","link":"https:\/\/meyproducciones.com\/?page_id=12","title":{"rendered":"RODAJE"},"content":{"rendered":"<p><strong><a href=\"http:\/\/meyproducciones.com\/?page_id=2\"><img decoding=\"async\" class=\"alignleft  wp-image-18643\" alt=\"\" src=\"http:\/\/meyproducciones.com\/wp-content\/uploads\/2015\/04\/Quesomos.jpg\" width=\"125\" height=\"50\" \/><\/a><a href=\"http:\/\/meyproducciones.com\/?page_id=11\"><img decoding=\"async\" class=\"alignleft  wp-image-18643\" alt=\"\" src=\"http:\/\/meyproducciones.com\/wp-content\/uploads\/2015\/03\/preproduccion.jpg\" width=\"125\" height=\"50\" \/><\/a><a href=\"http:\/\/meyproducciones.com\/?page_id=12\"><img decoding=\"async\" class=\"alignleft  wp-image-18642\" alt=\"\" src=\"http:\/\/meyproducciones.com\/wp-content\/uploads\/2015\/03\/rodaje.jpg\" width=\"125\" height=\"50\" \/><\/a><a href=\"http:\/\/meyproducciones.com\/?page_id=13\"><img loading=\"lazy\" decoding=\"async\" class=\"alignleft  wp-image-18641\" alt=\"\" src=\"http:\/\/meyproducciones.com\/wp-content\/uploads\/2015\/03\/postproduccion.jpg\" width=\"125\" height=\"50\" \/><\/a><a href=\"http:\/\/meyproducciones.com\/?page_id=14\"><img loading=\"lazy\" decoding=\"async\" class=\"alignleft  wp-image-18640\" alt=\"\" src=\"http:\/\/meyproducciones.com\/wp-content\/uploads\/2015\/03\/distribucion.jpg\" width=\"125\" height=\"50\" \/><\/a><\/strong><\/p>\n<p>&nbsp;<\/p>\n<p>&nbsp;<\/p>\n<p>Ofrecemos servicios de:<\/p>\n<ul>\n<li>\n<h5>Fotograf\u00eda<\/h5>\n<\/li>\n<li>\n<h5>Sonido directo<\/h5>\n<\/li>\n<li>\n<h5><span style=\"font-size: small;\">Producci\u00f3n de Campo<\/span><\/h5>\n<\/li>\n<li>\n<h5><span style=\"font-size: small;\">Animaci\u00f3n 2D<\/span><\/h5>\n<\/li>\n<li>\n<h5><span style=\"font-size: small;\">Animaci\u00f3n 3D<\/span><\/h5>\n<\/li>\n<li>\n<h5><span style=\"font-size: small;\">Equipamiento<\/span><\/h5>\n<\/li>\n<li>\n<h5><span style=\"font-size: small;\">Rodaje de im\u00e1genes sin compresi\u00f3n para paso a 35mm<\/span><\/h5>\n<\/li>\n<\/ul>\n<p>&nbsp;<\/p>\n<p>Im\u00e1genes pertenecientes al rodajes de Dito, el ni\u00f1o despertador, llevado de formato digital al 35mm.<\/p>\n<p><img loading=\"lazy\" decoding=\"async\" class=\" wp-image-46 alignleft\" title=\"pre1\" alt=\"\" src=\"http:\/\/meyproducciones.com\/wp-content\/uploads\/2012\/05\/MEYprod_web_img_07.jpg\" width=\"700\" height=\"400\" \/><\/p>\n<p>En la imagen, Juan Paulo Galeano, Viviana G\u00f3mez, Marlon Arango, Martha Leal, Manuel \u00c1lvarez.<\/p>\n<p><img loading=\"lazy\" decoding=\"async\" class=\" wp-image-47 alignleft\" title=\"pre2\" alt=\"\" src=\"http:\/\/meyproducciones.com\/wp-content\/uploads\/2012\/05\/MEYprod_web_img_007.jpg\" width=\"700\" height=\"400\" \/><\/p>\n<p>En la foto, Viviana G\u00f3mez, Marlon Arango, Miguel Ernesto Yusty.<\/p>\n","protected":false},"excerpt":{"rendered":"<p>&nbsp; &nbsp; Ofrecemos servicios de: Fotograf\u00eda Sonido directo Producci\u00f3n de Campo Animaci\u00f3n 2D Animaci\u00f3n 3D Equipamiento Rodaje de im\u00e1genes sin compresi\u00f3n para paso a 35mm &nbsp; Im\u00e1genes pertenecientes al rodajes de Dito, el ni\u00f1o despertador, llevado de formato digital al 35mm. En la imagen, Juan Paulo Galeano, Viviana G\u00f3mez, Marlon Arango, Martha Leal, Manuel \u00c1lvarez. [&hellip;]<\/p>\n","protected":false},"author":1,"featured_media":0,"parent":0,"menu_order":2,"comment_status":"closed","ping_status":"closed","template":"","meta":{"inline_featured_image":false,"footnotes":""},"class_list":["post-12","page","type-page","status-publish","hentry"],"_links":{"self":[{"href":"https:\/\/meyproducciones.com\/index.php?rest_route=\/wp\/v2\/pages\/12","targetHints":{"allow":["GET"]}}],"collection":[{"href":"https:\/\/meyproducciones.com\/index.php?rest_route=\/wp\/v2\/pages"}],"about":[{"href":"https:\/\/meyproducciones.com\/index.php?rest_route=\/wp\/v2\/types\/page"}],"author":[{"embeddable":true,"href":"https:\/\/meyproducciones.com\/index.php?rest_route=\/wp\/v2\/users\/1"}],"replies":[{"embeddable":true,"href":"https:\/\/meyproducciones.com\/index.php?rest_route=%2Fwp%2Fv2%2Fcomments&post=12"}],"version-history":[{"count":0,"href":"https:\/\/meyproducciones.com\/index.php?rest_route=\/wp\/v2\/pages\/12\/revisions"}],"wp:attachment":[{"href":"https:\/\/meyproducciones.com\/index.php?rest_route=%2Fwp%2Fv2%2Fmedia&parent=12"}],"curies":[{"name":"wp","href":"https:\/\/api.w.org\/{rel}","templated":true}]}}