{"id":11,"date":"2010-02-08T19:11:01","date_gmt":"2010-02-08T19:11:01","guid":{"rendered":"http:\/\/meyproducciones.com\/?page_id=11"},"modified":"2023-08-09T19:53:39","modified_gmt":"2023-08-09T19:53:39","slug":"preproduccion","status":"publish","type":"page","link":"https:\/\/meyproducciones.com\/?page_id=11","title":{"rendered":"PREPRODUCCI\u00d3N"},"content":{"rendered":"<p><strong><a href=\"http:\/\/meyproducciones.com\/?page_id=2\"><img decoding=\"async\" class=\"alignleft  wp-image-18643\" alt=\"\" src=\"http:\/\/meyproducciones.com\/wp-content\/uploads\/2015\/04\/Quesomos.jpg\" width=\"125\" height=\"50\" \/><\/a><a href=\"http:\/\/meyproducciones.com\/?page_id=11\"><img decoding=\"async\" class=\"alignleft  wp-image-18643\" alt=\"\" src=\"http:\/\/meyproducciones.com\/wp-content\/uploads\/2015\/03\/preproduccion.jpg\" width=\"125\" height=\"50\" \/><\/a><a href=\"http:\/\/meyproducciones.com\/?page_id=12\"><img decoding=\"async\" class=\"alignleft  wp-image-18642\" alt=\"\" src=\"http:\/\/meyproducciones.com\/wp-content\/uploads\/2015\/03\/rodaje.jpg\" width=\"125\" height=\"50\" \/><\/a><a href=\"http:\/\/meyproducciones.com\/?page_id=13\"><img loading=\"lazy\" decoding=\"async\" class=\"alignleft  wp-image-18641\" alt=\"\" src=\"http:\/\/meyproducciones.com\/wp-content\/uploads\/2015\/03\/postproduccion.jpg\" width=\"125\" height=\"50\" \/><\/a><a href=\"http:\/\/meyproducciones.com\/?page_id=14\"><img loading=\"lazy\" decoding=\"async\" class=\"alignleft  wp-image-18640\" alt=\"\" src=\"http:\/\/meyproducciones.com\/wp-content\/uploads\/2015\/03\/distribucion.jpg\" width=\"125\" height=\"50\" \/><\/a><\/strong><\/p>\n<p>&nbsp;<\/p>\n<p>&nbsp;<\/p>\n<p>Ofrecemos servicios de:<\/p>\n<ul>\n<li><span style=\"color: #ffffff;\">Gui\u00f3n<\/span><\/li>\n<li><span style=\"color: #ffffff;\">Escaleta<\/span><\/li>\n<li><span style=\"color: #ffffff;\">Propuesta de arte<\/span><\/li>\n<li><span style=\"color: #ffffff;\">Propuesta musical y sonora<\/span><\/li>\n<li><span style=\"color: #ffffff;\">Gui\u00f3n gr\u00e1fico<\/span><\/li>\n<li><span style=\"color: #ffffff;\">Anim\u00e1ticas<\/span><\/li>\n<li><span style=\"color: #ffffff;\">Casting<\/span><\/li>\n<\/ul>\n<p>Im\u00e1genes pertenecientes a la preproducci\u00f3n de \u00abDito, el ni\u00f1o despertador\u00bb, rodado en digital y proyectado en 35mm.<\/p>\n<p>&nbsp;<\/p>\n<p>En la imagen: el fot\u00f3grafo Manuel \u00c1lvarez y Rafael Garrido encargado de la Direcci\u00f3n T\u00e9cnica, Efectos e I+D<\/p>\n<p><img loading=\"lazy\" decoding=\"async\" class=\"alignleft size-full wp-image-48\" title=\"preproducc\" alt=\"\" src=\"http:\/\/meyproducciones.com\/wp-content\/uploads\/2012\/05\/MEYprod_web_img_06.jpg\" width=\"680\" height=\"280\" \/><\/p>\n<p>&nbsp;<\/p>\n<p>&nbsp;<\/p>\n<p>&nbsp;<\/p>\n<p>&nbsp;<\/p>\n<p>&nbsp;<\/p>\n<p>&nbsp;<\/p>\n<p>&nbsp;<\/p>\n<p>&nbsp;<\/p>\n<p>&nbsp;<\/p>\n<p>Im\u00e1genes pertenecientes a la Preproducci\u00f3n de EL PERRO AMBICIOSO, CONCURSO DE MASCOTAS.<img loading=\"lazy\" decoding=\"async\" title=\"preproducc\" alt=\"\" src=\"http:\/\/meyproducciones.com\/wp-content\/uploads\/2012\/05\/MEYprod_web_img_04.jpg\" width=\"680\" height=\"480\" \/><img loading=\"lazy\" decoding=\"async\" class=\"alignleft size-full wp-image-48\" title=\"preproducc\" alt=\"\" src=\"http:\/\/meyproducciones.com\/wp-content\/uploads\/2012\/05\/MEYprod_web_img_05.jpg\" width=\"680\" height=\"480\" \/><\/p>\n","protected":false},"excerpt":{"rendered":"<p>&nbsp; &nbsp; Ofrecemos servicios de: Gui\u00f3n Escaleta Propuesta de arte Propuesta musical y sonora Gui\u00f3n gr\u00e1fico Anim\u00e1ticas Casting Im\u00e1genes pertenecientes a la preproducci\u00f3n de \u00abDito, el ni\u00f1o despertador\u00bb, rodado en digital y proyectado en 35mm. &nbsp; En la imagen: el fot\u00f3grafo Manuel \u00c1lvarez y Rafael Garrido encargado de la Direcci\u00f3n T\u00e9cnica, Efectos e I+D &nbsp; [&hellip;]<\/p>\n","protected":false},"author":1,"featured_media":0,"parent":0,"menu_order":1,"comment_status":"closed","ping_status":"closed","template":"","meta":{"inline_featured_image":false,"footnotes":""},"class_list":["post-11","page","type-page","status-publish","hentry"],"_links":{"self":[{"href":"https:\/\/meyproducciones.com\/index.php?rest_route=\/wp\/v2\/pages\/11","targetHints":{"allow":["GET"]}}],"collection":[{"href":"https:\/\/meyproducciones.com\/index.php?rest_route=\/wp\/v2\/pages"}],"about":[{"href":"https:\/\/meyproducciones.com\/index.php?rest_route=\/wp\/v2\/types\/page"}],"author":[{"embeddable":true,"href":"https:\/\/meyproducciones.com\/index.php?rest_route=\/wp\/v2\/users\/1"}],"replies":[{"embeddable":true,"href":"https:\/\/meyproducciones.com\/index.php?rest_route=%2Fwp%2Fv2%2Fcomments&post=11"}],"version-history":[{"count":0,"href":"https:\/\/meyproducciones.com\/index.php?rest_route=\/wp\/v2\/pages\/11\/revisions"}],"wp:attachment":[{"href":"https:\/\/meyproducciones.com\/index.php?rest_route=%2Fwp%2Fv2%2Fmedia&parent=11"}],"curies":[{"name":"wp","href":"https:\/\/api.w.org\/{rel}","templated":true}]}}